0
In base 14, what is -29c1 + -3?
-29c4
In base 5, what is 3 - -1020310?
1020313
In base 6, what is -1155045 + 2?
-1155043
In base 15, what is -34bc + -10?
-34cc
In base 10, what is -1887 - -110?
-1777
In base 8, what is 12 - 164402?
-164370
In base 16, what is -e - 19910?
-1991e
In base 13, what is 119230 - 0?
119230
In base 4, what is -1113 - 10032?
-11211
In base 10, what is -29977 - -4?
-29973
In base 13, what is -4ccb + 1?
-4cca
In base 5, what is -1323 + -1042?
-2420
In base 5, what is 11 + -22334042?
-22334031
In base 3, what is -211 + 110000000?
102222012
In base 10, what is 9131 + -2?
9129
In base 14, what is 5 + -2cd9b?
-2cd96
In base 11, what is 3 + -65aa5?
-65aa2
In base 15, what is -121a7 + d?
-12199
In base 8, what is -5 + 31307?
31302
In base 10, what is 556 - 2489?
-1933
In base 13, what is -1b44 - 14?
-1b58
In base 4, what is -12022 + 1100?
-10322
In base 12, what is 11b6 + 56?
1250
In base 8, what is -4 - -2354?
2350
In base 10, what is 1920 - 123?
1797
In base 14, what is c - 1d29?
-1d1b
In base 15, what is 76731 - -2?
76733
In base 11, what is -384 - 58?
-431
In base 5, what is 102010 - -2043?
104103
In base 5, what is -311 + -113144?
-114010
In base 5, what is -1303 - -22324?
21021
In base 10, what is -64 + 785?
721
In base 15, what is -4 + 49a57?
49a53
In base 6, what is 511455 + 15?
511514
In base 2, what is -1000011111000 - 10?
-1000011111010
In base 15, what is 5 - -bd6?
bdb
In base 9, what is -8 + -11075?
-11084
In base 9, what is 321642 - -2?
321644
In base 8, what is 401 + 322?
723
In base 5, what is -10041 + -3342?
-13433
In base 16, what is 25 - -9903?
9928
In base 4, what is -1302020102 + 0?
-1302020102
In base 16, what is ae - -dc?
18a
In base 12, what is 553 - 71?
4a2
In base 5, what is 11414404 - 11?
11414343
In base 3, what is 11000122100 + -2?
11000122021
In base 14, what is 7a - -63a?
6b6
In base 4, what is 13 + -10003211?
-10003132
In base 14, what is 4374 - -5?
4379
In base 7, what is -5 - 140312?
-140320
In base 13, what is -204c + 6c?
-1cb0
In base 12, what is -31 - -a4?
73
In base 4, what is 11 - 102321012?
-102321001
In base 15, what is -67245 - a?
-67250
In base 11, what is 1007a + 4a?
10119
In base 2, what is -101 + 1111100100110010011?
1111100100110001110
In base 10, what is -79 - 1476?
-1555
In base 3, what is -10012 - -11222?
1210
In base 6, what is 2004025 + 3?
2004032
In base 10, what is 3 - -377681?
377684
In base 12, what is 0 - a692?
-a692
In base 5, what is -33301411 + -1?
-33301412
In base 11, what is -9834 + -42?
-9876
In base 4, what is 230023 - -1011?
231100
In base 10, what is 59575 + -3?
59572
In base 15, what is -377 - 20d?
-585
In base 4, what is -1 - -101331323?
101331322
In base 6, what is 154 + -10120?
-5522
In base 16, what is 3 - -4ac8?
4acb
In base 7, what is 633 - -231?
1164
In base 4, what is -1 - 1013233123?
-1013233130
In base 7, what is 1324 - 125?
1166
In base 6, what is -430425 + -4?
-430433
In base 4, what is 331 + -1201032?
-1200101
In base 4, what is -121020012 + 2?
-121020010
In base 13, what is -2 + -2c09?
-2c0b
In base 3, what is 10 - 100101001?
-100100221
In base 2, what is 1 - 10110111011110?
-10110111011101
In base 12, what is -6 + -2497?
-24a1
In base 6, what is 3 + -452550?
-452543
In base 13, what is -b43bc - 1?
-b43c0
In base 9, what is 400714 + 1?
400715
In base 7, what is 534 - 10041?
-6204
In base 8, what is -17 + 4531?
4512
In base 2, what is 11001 + -11001101100000100?
-11001101011101011
In base 10, what is 1 - 145741?
-145740
In base 5, what is 41344 - 203?
41141
In base 9, what is -7725726 - -2?
-7725724
In base 8, what is 5 + -1760?
-1753
In base 8, what is 17 - -2724?
2743
In base 10, what is 20 - -64472?
64492
In base 16, what is -3b4f + 0?
-3b4f
In base 12, what is -1433 - -2b?
-1404
In base 13, what is 1ca - -cb?
2c8
In base 15, what is -d + -b3b?
-b49
In base 11, what is -11661 + -137?
-11798
In base 13, what is 4 + -4857?
-4853
In base 4, what is 2013 + -1020033?
-1012020
In base 10, what is -158479 + 4?
-158475
In base 13, what is 19016 - -2?
19018
In base 11, what is 3578842 + -5?
3578838
In base 2, what is 10001110111110 + -110101001?
10001000010101
In base 5, what is -40 - -1142032?
1141442
In base 12, what is 1 + 333?
334
In base 7, what is -14 - 122544?
-122561
In base 4, what is -12113 - -3101013?
3022300
In base 16, what is -1 - -443?
442
In base 3, what is 121 + 1012022?
1012220
In base 2, what is 1000011000000101011 - -11?
1000011000000101110
In base 2, what is -1000100100 - -1110101?
-110101111
In base 13, what is 4 - 550b?
-5507
In base 13, what is a5 - 534?
-45c
In base 11, what is -7a832 + 3?
-7a82a
In base 4, what is 3 + -223001101?
-223001032
In base 6, what is 24 - -11001?
11025
In base 13, what is -5 - -6921?
6919
In base 15, what is 14d + -119?
34
In base 12, what is -25 - 3186?
-31ab
In base 3, what is 12 - -2021212021?
2021212110
In base 5, what is -30210 - -10110?
-20100
In base 13, what is -11 - -566?
555
In base 14, what is -3 + 12710?
1270b
In base 10, what is 600 - 117?
483
In base 5, what is 2314 + -343?
1421
In base 8, what is -217 - -2432?
2213
In base 2, what is 11001000101100 - 111010?
11000111110010
In base 5, what is 10 + -1033232?
-1033222
In base 2, what is 10100101111100100 - 0?
10100101111100100
In base 4, what is 10121303 - 1?
10121302
In base 2, what is 10100110 + -1110011000?
-1011110010
In base 12, what is 64 - -241a?
2482
In base 6, what is -1052 - -54341?
53245
In base 8, what is -25431 + -21?
-25452
In base 13, what is 1a783 + 6?
1a789
In base 12, what is 80306 + 4?
8030a
In base 10, what is 6998 - -22?
7020
In base 15, what is 73 + -b7?
-44
In base 7, what is 0 - 32015?
-32015
In base 5, what is 2341 - -1101?
3442
In base 10, what is 7769 - -3?
7772
In base 12, what is 1 - -12b13?
12b14
In base 16, what is -82 + -34e?
-3d0
In base 14, what is dc1c8 - -2?
dc1ca
In base 15, what is -dd2 - 1?
-dd3
In base 8, what is -1 - 102461?
-102462
In base 13, what is -6 + 7458?
7452
In base 8, what is -15327 + -6?
-15335
In base 5, what is 302203 - 11?
302142
In base 4, what is -100330313 + 10?
-100330303
In base 11, what is 3a38 - 21?
3a17
In base 8, what is 63455 - -42?
63517
In base 3, what is 1 + -10100222222010?
-10100222222002
In base 15, what is -11c0a + 4?
-11c06
In base 10, what is -3581 - 27?
-3608
In base 3, what is 11 + 2210220020?
2210220101
In base 9, what is 65070 - 18?
65051
In base 2, what is 0 - 1000110100111000?
-1000110100111000
In base 14, what is 4 + bab0?
bab4
In base 5, what is 104421242 - -1?
104421243
In base 8, what is 11532 - -7?
11541
In base 9, what is 5 + 85688?
85704
In base 10, what is 1 - -84145?
84146
In base 15, what is -3 + -5351?
-5354
In base 4, what is -302000 - 12221?
-320221
In base 16, what is 7fb - 16b?
690
In base 7, what is 164020 - -120?
164140
In base 4, what is -1010 + -333102?
-1000112
In base 5, what is -14 - -1213104?
1213040
In base 13, what is 1699 + c5?
1791
In base 14, what is -b - -181c?
1811
In base 4, what is 0 - -32231100?
32231100
In base 16, what is 4 - -36ba?
36be
In base 6, what is 151233 - -11?
151244
In base 3, what is 122020211102022 + 2?
122020211102101
In base 15, what is 31ce - 4?
31ca
In base 11, what is 1 - -281a2?
281a3
In base 6, what is -12435 + -21?
-12500
In base 6, what is -144 + 510?
322
In base 10, what is -4 - 24143?
-24147
In base 14, what is 4 + -186a8?
-186a4
In base 6, what is 102 + 124245?
124351
In base 15, what is 10d + 256?
364
In base 7, what is 1 + -20152?
-20151
In base 5, what is 133342 - 424?
132413
In base 2, what is -1111101010000 - -1010001?
-1111011111111
In base 6, what is 3402553 - 5?
3402544
In base 10, what is 0 + 3297?
3297
In base 15, what is -b8 + -328?
-3e1
In base 9, what is 2343 + 1340?
3683
In base 11, what is 112 - -a86?
1098
In base 5, what is 1 + 120444110?
120444111
In base 14, what is -250 + 42?
-20c
In base 9, what is 38337 + -8?
38328
In base 11, what is -76294 - -1?
-76293
In base 7, what is 6 + -413534?
-413525
In base 8, what is -3705404 - 0?
-3705404
In base 5, what is -11303003 + 0?
-11303003
In base 6, what is 211005 - 53?
210512
In base 15, what is -e89 + -b8?
-1052
In base 12, what is -2 + -7a545?
-7a547
In base 4, what is 2 - 313210?
-313202
In base 7, what is 20426 - -22?
20451
In bas